47. Calculate the highest common factor of 6 and m.
6
Suppose 3*s + 3*v = -v, 3*s = -2*v - 6. Suppose z + 27 = -2*z + 3*o, -4*z = 3*o + 22. Let c be (-100)/z + s/14. Calculate the highest common divisor of 2 and c.
2
Let q be (-5)/(1 + -2 + 0). Let d be (-14)/(-7) + q + -1. Calculate the highest common divisor of d and 2.
2
Let o be -3*5/(-105) - (-230)/7. Calculate the greatest common divisor of o and 22.
11
Let t(o) = -5*o - 3. Let w be t(-2). Suppose 5*q - 3*c - 317 = q, -5*q = -2*c - 391. Calculate the greatest common divisor of q and w.
7
Suppose 139 = 3*z - 206. Calculate the highest common divisor of z and 46.
23
Let t be -3 + (0 - -1) + -1. Let m = -3 - t. Suppose j = 5*j + 3*g - 207, 3*j + g - 149 = m. What is the greatest common factor of j and 12?
12
Let g(b) = 2*b**3 - 3*b**2 + 2. Let w be g(2). What is the greatest common divisor of w and 2?
2
Let y be -3 + 84/(-2 + 4). Let g = y - 27. What is the highest common factor of g and 108?
12
Let l(a) = 2*a**3 - 5*a**2 - 4*a + 1. Let d be l(4). Calculate the highest common factor of 22 and d.
11
Let z(p) = 2*p**2 + 2*p + 3. Let u be z(3). Calculate the highest common divisor of u and 18.
9
Suppose 3*k - 17 = -2*i, 5*i + 9 = -5*k + 39. What is the highest common factor of 5 and k?
5
Suppose -7*z = -3*z - 72. Calculate the greatest common factor of 198 and z.
18
Suppose -2*q + 30 = q. Let n = -6 - -11. Calculate the greatest common divisor of n and q.
5
Let d(f) = f**3 + 8*f**2 + 7*f - 6. Let i be d(-6). Let j(s) = -17*s**3 - 1. Let x = -6 - -5. Let p be j(x). What is the greatest common divisor of i and p?
8
Let o = 470 - 246. Calculate the greatest common divisor of 28 and o.
28
Suppose i - 36 = -2*d, 3*d - 3*i = -4*i + 55. What is the highest common divisor of d and 19?
19
Suppose -5 = 4*i - 41. What is the greatest common factor of 9 and i?
9
Suppose -87 = -6*q + 21. What is the highest common factor of q and 6?
6
Let z(x) = x**3 + 6*x**2 - 2*x - 8. Let g be z(-6). Suppose -4*w = 37 - 45. What is the greatest common factor of g and w?
2
Let j be (5 - 0) + 10/(-5). Suppose -j*w - 24 = -7*w. What is the greatest common factor of 6 and w?
6
Let k(j) = j**3 - 2*j. Let n be k(-3). Let q = 31 + n. What is the greatest common divisor of 10 and q?
10
Suppose -2*q - w + 1 = 0, 0 = q - w - 2 - 3. What is the greatest common factor of 1 and q?
1
Suppose -r + 38 = -l - 2*l, 5*l = -r - 66. Let y = 38 - l. What is the highest common divisor of 34 and y?
17
Suppose 2*r = -4*r + 42. What is the greatest common divisor of r and 14?
7
Let o = -25 + 29. Let x(h) be the third derivative of -h**6/120 + h**5/10 - 5*h**4/24 - h**2. Let t be x(o). Calculate the highest common factor of 24 and t.
12
Suppose -n - 2*n = -459. Let f = -21 - -38. Calculate the greatest common divisor of n and f.
17
Let d be 1208/11 - 8/(-44). What is the greatest common divisor of 10 and d?
10
Let s = -33 + 9. Let v = s - -50. What is the greatest common factor of 52 and v?
26
Let i(m) = 5*m - 4. Let q be i(5). Let d(f) = -f**2 + 2*f + 49. Let y be d(7). Calculate the greatest common factor of y and q.
7
Let t(o) = 3*o**2 + 2*o + 4 + o + 4*o. Let k be t(-4). Suppose -3*p + 5*g = -133, 5*g - 122 = -4*p - 3. What is the highest common divisor of k and p?
12
Suppose -4 = -2*v + v, 0 = 2*b - 5*v - 6. Suppose -3*x + b + 12 = 2*g, -8 = -x - g. Let n = 50 + 31. What is the greatest common factor of x and n?
9
Let l(q) = -q**2 + 13*q + 35. Let y be l(15). What is the highest common divisor of y and 55?
5
Let k(w) = 43*w - 1. Let o be k(1). What is the greatest common divisor of 14 and o?
14
Let b(w) = w - 1. Let r be b(2). Let u(k) = k**3 + 6*k**2 + 4*k - 5. Suppose -4 = m - 0. Let v be u(m). What is the greatest common divisor of v and r?
1
Let l be 3 + -2 + (-3 - 12). Suppose 5*a - 2*b + b + 139 = 0, -4*a = 3*b + 96. Let s = l - a. What is the highest common divisor of s and 143?
13
Let n be 34 - (-1 + 2) - 1. What is the greatest common factor of n and 4?
4
Let t = 74 - 53. What is the highest common divisor of t and 14?
7
Let g(m) = m**2 + 4*m + 9. Let x be g(-4). Let o be (-4)/1*(-2)/4. Let v be 10 - o*(-1)/(-2). Calculate the highest common factor of v and x.
9
Let b(v) = v**3 - 5*v**2 - 5*v. Let z be b(6). Let l(k) = 6*k - 4. Let o be l(z). What is the highest common factor of o and 8?
8
Let v be 6*66/4 - 0. Calculate the greatest common divisor of v and 9.
9
Let f(i) = 7*i - 5. Let d be f(5). Let h be (2/(-3))/((-2)/d). Calculate the greatest common factor of 5 and h.
5
Let g = -17 - -26. What is the highest common divisor of g and 1?
1
Let u(p) = p**3 + 7*p**2 - 9*p - 3. Let m be u(-8). Suppose -4 = -x + m*d - 1, d = 2*x - 15. Calculate the greatest common factor of 32 and x.
8
Let u be 91 + 4/((-8)/6). Calculate the highest common divisor of u and 132.
44
Suppose 335 = 5*q + 35. Calculate the highest common divisor of q and 80.
20
Let x = 72 + -23. Let a = x - 25. Let i = a + -16. Calculate the highest common divisor of i and 40.
8
Let f(w) = w**3 + 5*w**2 + w - 2. Let p be f(-2). What is the highest common divisor of 4 and p?
4
Let t(k) = 2*k**2 - 4*k - 4. Let a be t(-3). What is the greatest common divisor of a and 13?
13
Let h be (3 - (3 + 1)) + 37. What is the greatest common divisor of 360 and h?
36
Let z(w) = -17*w - 1. Let l be z(1). Let i = -1 - 6. Let u = i - l. What is the greatest common divisor of u and 99?
11
Let h = -57 - -87. Let j(c) = -c**2 - 4*c + 6. Let s be j(-5). Let a be (12 - s) + -1*1. What is the greatest common divisor of h and a?
10
Let c = 28 + 28. What is the greatest common factor of c and 7?
7
Let b be 1 + 0 + 3/1. Suppose -b*d + 3*q = -27, 2*q + 0*q = 2*d - 16. What is the greatest common divisor of d and 3?
3
Let k(w) = -w**3 + 7*w**2 + 6*w - 2. Let u be k(6). Let d be u/4 + 4/8. What is the highest common divisor of d and 162?
18
Suppose 0 = -5*r + 4*m - 23, -m - m + 4 = 0. Let i be r*(-11*3 + 3). What is the greatest common factor of i and 10?
10
Let s = -113 - -124. Calculate the highest common divisor of s and 99.
11
Suppose -28*z + 17*z = -231. Calculate the greatest common factor of 105 and z.
21
Let f be (-30)/(-9)*18/5. Calculate the highest common divisor of f and 12.
12
Suppose 50 = 2*j - 6. Suppose -5 = -5*b - 5*v, -3 = -5*b + 4*v + 38. Suppose -b*n + 55 = 3*r, -n + 2*r = 7 - 31. Calculate the highest common factor of n and j.
14
Suppose u = 8 + 37. Suppose 0 = 2*y + 2*g + 30, -4*y - 7 = -4*g + u. Let b be y/(-35) + (-88)/(-5). What is the highest common factor of 45 and b?
9
Let p be (-14)/(-35)*(-105)/(-1). What is the greatest common factor of 14 and p?
14
Suppose v + 4*s + 3 = 0, -v + 3*s + 42 = -2*s. Suppose -3*k + 680 = 2*k. Calculate the highest common factor of v and k.
17
Let h(u) = -3*u - 3. Let v be h(-5). What is the greatest common divisor of 12 and v?
12
Let g(k) = -k**3 - k**2 - 2. Let z be g(-3). Calculate the highest common divisor of z and 80.
16
Let k be (4 + 0)*1/1. Suppose 0 = k*s + 5*v - 2*v - 37, 4 = -4*v. Suppose 0*x = x - 2. What is the highest common factor of s and x?
2
Suppose n + 4 = -4*m, 4*m = 6*n - 2*n + 16. Let q be (-1 - m)/(8/(-80)). What is the greatest common factor of 80 and q?
10
Suppose 4*b - 3*l - 55 = -16, 3*l = -15. Suppose x - 2*m = -b*m + 11, m = -3*x + 33. Suppose x - 77 = -3*c. Calculate the greatest common factor of 154 and c.
22
Suppose -3*w = -0*w - 42. Suppose 5*i = -5, -2*j - 3*i = -0*j - 81. What is the greatest common factor of j and w?
14
Let i = 0 + 0. Suppose -5*h + 2*h + 111 = i. Suppose 5*o - h = 18. Calculate the greatest common divisor of o and 121.
11
Suppose -17*d + 896 = -9*d. What is the greatest common divisor of 168 and d?
56
Let s(a) = a**3 + 6*a**2 - 7*a + 4. Let q be s(-7). Let c be 16/8*22/q. What is the highest common factor of 22 and c?
11
Let y be 161/49 - 4/14. Let r(x) = x**2 - 3*x. Let f be r(y). Suppose f = -3*p + 202 - 67. What is the highest common divisor of 9 and p?
9
Suppose -2*x + 14 = 2*j - 0, 0 = x - 1. Let p be (4/j)/(3/126). What is the highest common factor of 4 and p?
4
Suppose 2*c - 17 = -5*f, 2*f + 24 - 77 = -5*c. What is the greatest common factor of c and 55?
11
Suppose -6*j - 21 = -87. What is the highest common divisor of 44 and j?
11
Let f(z) = z**3 - 4*z**2 - 3*z - 6. Let s be f(6). S